1. Let a(s) = 4*s**2 + 10*s + 2. Let w(q) = a(q) + 5*z(q). What is the units digit of w(u)?
8
Let z(h) = 19*h**2 - 4*h - 15. Let l(v) = 56*v**2 - 12*v - 44. Let p(n) = -2*l(n) + 7*z(n). What is the units digit of p(-3)?
4
Suppose -2*i - 4*g = i - 20, -g + 2 = 0. What is the units digit of 62/8 - 3/i?
7
Let v(s) = 15*s**2 - 8*s - 10 + 15*s**2 - 25*s**2 - 2. What is the units digit of v(5)?
3
Let q = -7 - -12. Suppose -q*u + 118 = -3*u. What is the units digit of u?
9
Let f = 60 - 6. Let n = f - 31. What is the units digit of n?
3
Let c(m) = m**3 + 7*m**2 - 6*m + 19. What is the units digit of c(5)?
9
Suppose -22*n + 23623 = -2755. What is the units digit of n?
9
Suppose 2*n - 5*t - 17 = 0, 5*n - 4*t - 34 = -0*t. Suppose -n*r = -r - 5. Suppose 5*p = x + r, -4*p = -0*x - 4*x + 60. What is the units digit of x?
9
Suppose 3*a + 591 = -5*n, 0*n - 460 = 4*n - 4*a. Let z = -25 - n. What is the tens digit of z?
9
Let m be (45/12)/((-3)/(-8)). Let n be (3 - 6 - -2)*m. What is the units digit of 6/n + 371/35?
0
Suppose 0 = z - 5*x + 7, 2*z + 3*x - 4*x = -14. Let r(n) = -7*n - 47. What is the units digit of r(z)?
2
Suppose -237*c + 246*c - 4428 = 0. What is the units digit of c?
2
Let u(p) = 73*p**3 - 21*p**2 + 69*p - 9. What is the hundreds digit of u(3)?
9
Suppose 5*d - 12921 = k - 3238, 2*k + 5807 = 3*d. What is the tens digit of d?
3
Suppose -5218 = -15*b + 2807. What is the tens digit of b?
3
What is the units digit of 2 + 32/10*3160/16?
4
Let x = -216 + 441. What is the tens digit of x?
2
Let f(w) = 2*w**2 - 27*w + 16. Let a be f(13). Suppose -6*h + 303 = -a*h. What is the units digit of h?
1
Let q = -934 - -2002. What is the units digit of q?
8
Let f = 12 + -27. Let n = f + 17. Suppose 6 = -n*g, 3*l = -3*g + 18 - 6. What is the units digit of l?
7
Let t = 50 - -396. What is the hundreds digit of t?
4
What is the units digit of (399/15 - 2)/(17/765)?
7
Suppose 5*x + 43 = v, 2*x + 6*v + 4 = 2*v. Let c(g) = -11*g + 48. What is the units digit of c(x)?
6
Suppose 2 = -2*j, j - 4*j - 310 = -f. What is the units digit of f?
7
Let z = -252 + 569. Suppose 10*j - 53 = z. What is the units digit of j?
7
Let q be (1 + 0 - -1) + (-2 - -3). Suppose q = 3*i - 273. What is the tens digit of i?
9
Let f be 39/6 - (-3)/(-2). Suppose 5*r - f = 4*r. Suppose -8*l = -r*l - 6. What is the units digit of l?
2
Suppose -27*s - 3892 = -41*s. What is the tens digit of s?
7
Let n(j) = -11 + 7*j - 7*j - j**2 + 2*j**2. What is the hundreds digit of n(13)?
1
Suppose -4*y - 2*y = -2*y. Suppose -4*q + 3*a = -2*a - 269, -q + a + 67 = y. What is the tens digit of q?
6
Let x(p) = 213*p**2 - 29*p + 52. What is the hundreds digit of x(2)?
8
Suppose -10*s + 42 - 2 = 0. Suppose s*b = 5*v + 687, -20 = -0*v - 4*v. What is the tens digit of b?
7
Let y(l) = l**3 + 9*l**2 + 10*l + 17. Let b(z) = z**3 + 11*z**2 + 12*z + 13. Let m be b(-10). What is the units digit of y(m)?
5
Let g be (-7 + 3)/((2 + -4)/1). Let c(i) = 51*i - 5. What is the tens digit of c(g)?
9
Suppose 7*g - 600 = g. Suppose 5*z - 3*u - 758 = g, -2*u = 2*z - 356. What is the tens digit of z?
7
What is the tens digit of 24/1*(-34055)/(-196)?
7
Let z = 25 + -23. What is the units digit of z*((-477)/(-6) + 1)?
1
Suppose 3 - 15 = -4*z - 2*w, 3*z = 5*w + 22. Suppose 3*x - 232 = -z*l, -4*x = x + 5*l - 395. Let q = x - 44. What is the tens digit of q?
4
Let m(w) = 40*w**2 + 82*w - 4. What is the hundreds digit of m(-9)?
4
Let z = -5 - -13. Suppose -7*q - 2 = -z*q. What is the units digit of q/(3*6/405)?
5
Let a be (-1)/((1 + (-5)/2)/3). Suppose a*j = -5*u + 53, -4*j + 80 + 31 = 5*u. What is the units digit of j?
9
Let t(j) = 2*j - 12. Let m be t(11). What is the units digit of 50/(-15)*(-192)/m?
4
What is the units digit of (205/(-10) - -6)/((-1)/98)?
1
What is the thousands digit of (-23)/(230/4) + 61864/10?
6
What is the units digit of 7/((-84)/4302)*(-4)/3?
8
Suppose -c = -8*c + 21. Suppose f - 403 = c*u - 6*u, 0 = -3*f + 12. What is the hundreds digit of u?
1
Suppose 2*j + 4018 = 4*j. What is the units digit of j?
9
Let h(m) = 10*m + 7*m - 5*m + m**2 + 14. Suppose 0 = -u - 10 - 3. What is the tens digit of h(u)?
2
Let l = -1729 - -3243. What is the tens digit of l?
1
Let o(f) be the third derivative of f**6/120 - 7*f**5/30 + 17*f**4/24 - 17*f**3/6 - 9*f**2. What is the tens digit of o(13)?
3
Let q = 1171 + -805. Let r = q + -177. What is the tens digit of r?
8
Suppose 6 = 49*a - 48*a. Suppose -3*k = -3*f - 15, a*k - 8*k = -4*f. What is the units digit of k?
0
Suppose 0 = -6*k - 13*k + 33972. What is the thousands digit of k?
1
Let d(q) = 1263*q**2 + 9*q - 8. What is the tens digit of d(1)?
6
Let x(g) = 3*g**2 - 9*g. Let y be x(4). Suppose -2*u = -u - y. Let d(p) = p - 9. What is the units digit of d(u)?
3
Let x(c) = c**3 - 6*c**2 + 7*c - 7. Let k be x(5). Let t(f) = 1 + 0*f + 4*f**k + 9*f - 5*f**2 - 5*f**3 + 3. What is the tens digit of t(-7)?
3
Let n = -217 + 261. What is the units digit of n?
4
Let x = 8 - 8. Suppose x = -r + 152 - 12. What is the hundreds digit of r?
1
Suppose h - 3*u = 4*h + 12, -44 = 3*h - 5*u. Let f be (-2)/(h/(-114))*2. Let k = -28 - f. What is the tens digit of k?
2
Let h(f) = f**3 - 7*f**2 + 2*f + 1. Let x(m) = m**3 - 6*m**2 + 7*m - 3. Let d be x(5). What is the units digit of h(d)?
5
Let i(o) = 4*o**2 - 9*o - 17. Let c be i(0). Let x(n) = -22 + 12*n + 3*n**3 - 2*n**3 + 18*n**2 + 0*n**3. What is the units digit of x(c)?
3
What is the hundreds digit of (5 - 6)/(14/(-83272))?
9
Let m(d) = 49*d**2 + 7*d + 56. What is the tens digit of m(-6)?
7
Let n = 88 + -86. Suppose 6*f - 652 = n*f. What is the tens digit of f?
6
Suppose -r - 5*i = r - 1098, -3*r = i - 1660. What is the hundreds digit of r?
5
Suppose 0 = 2*f - 3571 + 983. What is the tens digit of f?
9
Suppose -4*r + 4*h + 32 = 0, 4*h + 37 = 2*r + 3*r. Suppose 5*g + 5*u = 165, r*g - 47 = -3*u + 124. What is the tens digit of g?
3
Let k(n) = 2*n**2 + 29*n + 22. What is the tens digit of k(-21)?
9
Let o(m) = 7*m - 38. Suppose -5*a - 2*t = -4*a, -a - 4*t - 8 = 0. What is the tens digit of o(a)?
1
Suppose 28*r - 30*r = 3*l - 5129, 4*r + 1705 = l. What is the thousands digit of l?
1
What is the tens digit of 2280/52 + 18/117?
4
Let s(r) = r - 5. Let w = 32 + -23. Let i be s(w). Suppose 2*g + i*f - 270 = -3*g, 20 = -4*f. What is the tens digit of g?
5
Let x be (-19)/133 + (-104)/7. Let k = 21 + x. Let y(t) = t**2 + 5*t - 9. What is the units digit of y(k)?
7
Suppose 545 = -3*y + 176. Let w = -84 - y. What is the units digit of w?
9
Let i = 1539 + 1188. What is the thousands digit of i?
2
Suppose -57*c = -13*c - 15664. What is the hundreds digit of c?
3
Let l(q) = q**2 + 21*q - 67. What is the tens digit of l(-59)?
7
Let k be (-2)/(-4) + (-9)/6. Let o = k + 28. What is the units digit of o?
7
Suppose 0 = 17*h + 343 - 3250. What is the units digit of h?
1
Let l = -885 + 1359. What is the units digit of l?
4
Let t(z) = 3*z - 20. Let d be t(10). Suppose -8*v = -d*v + 160. What is the tens digit of v?
8
Suppose 0 = -2070*n + 2073*n - 324. What is the hundreds digit of n?
1
Suppose -4*i = -2*i - 4. Let o(b) = 34*b**i - b + 3*b + 1 + 0*b - 10*b**2. What is the tens digit of o(-1)?
2
Let a = 12 + -8. Let k be 28 - 2 - (-1 + a). Let y = 48 - k. What is the units digit of y?
5
Suppose 4*p + 10 = -s - 2, -4*s + p + 20 = 0. What is the tens digit of (6/s)/(3/(-4)) - -88?
8
Let s(g) be the third derivative of -6*g**2 + 0*g + 0*g**4 + 1/60*g**5 + 0 + 1/6*g**3. What is the units digit of s(-1)?
2
Let k = 25 - -536. What is the tens digit of k?
6
Suppose 10*o + 4 = 6*o. What is the tens digit of (o/2)/(7/(-854))?
6
Let g(d) be the third derivative of d**6/120 - d**5/60 - d**4/24 + d**3/6 + d**2. Let v be g(2). Suppose v*l = -12 + 141. What is the tens digit of l?
4
Suppose 5*n + 509 = 4*b + 10*n, 2*b - 217 = 5*n. What is the units digit of b?
1
Suppose 16*n = 14*n + 10. Let s be ((-6)/n)/((-4)/130). Suppose 0 = -4*j - 3*z + s + 6, 0 = -3*j + 3*z + 18. What is the units digit of j?
9
Let k(f) = 3*f**2 - 9*f - 5. Let h(z) = -3*z**2 + 10*z + 6. Let t(r) = 6*h(r) + 7*k(r). Let a be 1*3*3/((-18)/(-6)). What is the units digit of t(a)?
9
Let c(i) = -i**3 + 7*i**2 - 10*i + 15. Let x = -20 - -19. Let p(b) = -b**2 - b + 1. Let n(k) = x*p(k) + c(k). What is the units digit of n(6)?
2